 when 14207892 is divided by 25.
17
What is the remainder when 817260 is divided by 1018?
824
What is the remainder when 309529 is divided by 6912?
5401
What is the remainder when 2357803 is divided by 3437?
21
What is the remainder when 21513684 is divided by 76?
60
Calculate the remainder when 261008 is divided by 51223.
4893
Calculate the remainder when 82122 is divided by 19952.
2314
What is the remainder when 43110 is divided by 302?
226
What is the remainder when 629674 is divided by 16570?
14
What is the remainder when 206075 is divided by 34306?
239
Calculate the remainder when 1232662 is divided by 349.
343
Calculate the remainder when 453697 is divided by 1396.
1393
What is the remainder when 6371 is divided by 125?
121
What is the remainder when 505490 is divided by 297?
293
What is the remainder when 47685696 is divided by 4826?
4816
What is the remainder when 349767 is divided by 8282?
1923
What is the remainder when 20614 is divided by 1138?
130
What is the remainder when 2795906 is divided by 2940?
2906
Calculate the remainder when 172941 is divided by 59.
12
What is the remainder when 38942 is divided by 7778?
52
Calculate the remainder when 10383539 is divided by 87.
2
What is the remainder when 14315048 is divided by 4771682?
2
What is the remainder when 282060 is divided by 4408?
4356
What is the remainder when 76425 is divided by 4769?
121
Calculate the remainder when 3154063 is divided by 4587.
2794
Calculate the remainder when 40288643 is divided by 363.
362
What is the remainder when 563819 is divided by 2112?
2027
What is the remainder when 8578219 is divided by 55?
34
What is the remainder when 145423 is divided by 309?
193
Calculate the remainder when 1044856 is divided by 1044742.
114
What is the remainder when 1812393 is divided by 80?
73
Calculate the remainder when 35898 is divided by 6457.
3613
Calculate the remainder when 33606078 is divided by 2304.
2238
What is the remainder when 238932 is divided by 238924?
8
What is the remainder when 634622 is divided by 248?
238
Calculate the remainder when 3165959 is divided by 7313.
6743
What is the remainder when 31107891 is divided by 7776963?
39
Calculate the remainder when 38597 is divided by 19204.
189
What is the remainder when 162025 is divided by 23143?
24
Calculate the remainder when 1653301 is divided by 12617.
474
Calculate the remainder when 260940 is divided by 43431.
354
What is the remainder when 5019829 is divided by 418319?
1
Calculate the remainder when 2077506 is divided by 38471.
72
Calculate the remainder when 1579074 is divided by 262.
0
What is the remainder when 19959 is divided by 5525?
3384
Calculate the remainder when 134006 is divided by 10433.
8810
What is the remainder when 13059570 is divided by 2189?
2185
What is the remainder when 3089 is divided by 1497?
95
What is the remainder when 466805 is divided by 465953?
852
Calculate the remainder when 29287029 is divided by 96023.
14
What is the remainder when 10947940 is divided by 81?
61
What is the remainder when 770250 is divided by 1790?
550
Calculate the remainder when 5271680 is divided by 229197.
149
What is the remainder when 71645 is divided by 530?
95
Calculate the remainder when 11039973 is divided by 2759964.
117
Calculate the remainder when 2224367 is divided by 110.
57
Calculate the remainder when 191874525 is divided by 14759578.
11
Calculate the remainder when 654265 is divided by 1798.
1591
What is the remainder when 395373 is divided by 2274?
1971
Calculate the remainder when 2359681 is divided by 393280.
1
Calculate the remainder when 3562393 is divided by 730.
723
What is the remainder when 312693 is divided by 1438?
647
Calculate the remainder when 136923 is divided by 127656.
9267
Calculate the remainder when 44131 is divided by 4371.
421
What is the remainder when 4525883 is divided by 245?
243
What is the remainder when 13916 is divided by 2318?
8
Calculate the remainder when 79871 is divided by 38956.
1959
Calculate the remainder when 1047647 is divided by 214.
117
Calculate the remainder when 134298 is divided by 33360.
858
Calculate the remainder when 1663095 is divided by 2326.
5
What is the remainder when 81012 is divided by 26340?
1992
What is the remainder when 21901 is divided by 20817?
1084
What is the remainder when 34585626 is divided by 53?
52
What is the remainder when 66296761 is divided by 10535?
6
What is the remainder when 34157 is divided by 6816?
77
What is the remainder when 4017680 is divided by 1804?
172
Calculate the remainder when 142467968 is divided by 45.
38
What is the remainder when 205840540 is divided by 205840538?
2
Calculate the remainder when 48273 is divided by 80.
33
What is the remainder when 26841542 is divided by 68?
38
Calculate the remainder when 10461223 is divided by 2956.
2895
What is the remainder when 1208535 is divided by 3339?
3156
Calculate the remainder when 561650 is divided by 188.
94
Calculate the remainder when 134846 is divided by 32.
30
What is the remainder when 12378776 is divided by 184?
176
Calculate the remainder when 28332147 is divided by 1561.
1558
Calculate the remainder when 427554 is divided by 19.
16
What is the remainder when 10352408 is divided by 219?
59
What is the remainder when 27138 is divided by 35?
13
What is the remainder when 543861034 is divided by 95?
94
Calculate the remainder when 706123 is divided by 2271.
2113
Calculate the remainder when 259582 is divided by 336.
190
What is the remainder when 1312574 is divided by 129?
128
What is the remainder when 233283 is divided by 711?
75
Calculate the remainder when 2981087 is divided by 229307.
96
Calculate the remainder when 244568 is divided by 244295.
273
What is the remainder when 176594 is divided by 3261?
500
What is the remainder when 62030 is divided by 20160?
1550
Calculate the remainder when 232968 is divided by 38795.
198
Calculate the remainder when 10328063 is divided by 5164031.
1
What is the remainder when 67785699 is divided by 22595230?
9
Calculate the remainder when 461147 is divided by 152.
131
What is the remainder when 3990259 is divided by 865?
14
What is the remainder when 47264927 is divided by 32?
31
What is the remainder when 1869224 is divided by 1233?
1229
What is the remainder when 144899 is divided by 304?
195
What is the remainder when 231858 is divided by 1718?
1646
Calculate the remainder when 2741706 is divided by 913845.
171
Calculate the remainder when 587367 is divided by 3012.
27
Calculate the remainder when 257437 is divided by 475.
462
What is the remainder when 209459 is divided by 2909?
11
What is the remainder when 18062118 is divided by 33?
30
Calculate the remainder when 1730804 is divided by 1071.
68
Calculate the remainder when 2223308 is divided by 83.
70
Calculate the remainder when 632655 is divided by 111.
66
Calculate the remainder when 2377191 is divided by 792336.
183
Calculate the remainder when 782835 is divided by 41200.
35
What is the remainder when 7546202 is divided by 659?
652
What is the remainder when 45415931 is divided by 4982?
19
What is the remainder when 82820 is divided by 1035?
20
Calculate the remainder when 3156822 is divided by 286977.
75
Calculate the remainder when 384796 is divided by 65.
61
Calculate the remainder when 181504 is divided by 45370.
24
What is the remainder when 53092395 is divided by 518?
503
What is the remainder when 19029622 is divided by 40836?
46
What is the remainder when 94136 is divided by 46824?
488
What is the remainder when 7668742 is divided by 618?
598
What is the remainder when 1052702 is divided by 594?
134
What is the remainder when 12345 is divided by 108?
33
What is the remainder when 9988581 is divided by 23?
3
What is the remainder when 20313298 is divided by 51?
49
What is the remainder when 398684 is divided by 398545?
139
What is the remainder when 3709595 is divided by 1465?
215
What is the remainder when 61139 is divided by 14?
1
What is the remainder when 188904 is divided by 2362?
2306
Calculate the remainder when 14608455 is divided by 656.
647
What is the remainder when 248023 is divided by 5070?
4663
Calculate the remainder when 14076427 is divided by 48.
43
Calculate the remainder when 1034071 is divided by 3225.
2071